pose t - v = -2. Let a(g) = g**2 - 2*g - 1. Determine a(t).
-1
Let i = 3 + 3. Let o(l) = -8*l + 2*l + 3*l + 2*l. Determine o(i).
-6
Let n(x) be the second derivative of 1/6*x**3 + 7/12*x**4 - x**2 + 0 - 7*x + 1/20*x**5. Determine n(-7).
-9
Let o(p) be the first derivative of 1/2*p**2 + 1/3*p**3 - 3*p - 23. What is o(-4)?
9
Let w(k) = 12*k**3 - k**2 - 5*k - 10. Let j(q) = -q**3 - q - 2. Let s(t) = 5*j(t) - w(t). Determine s(1).
-16
Suppose 4*b + 3 = -2*n + 13, b - 7 = n. Let p(o) = o**3 - 2*o**2 - 3*o. Determine p(b).
20
Let o(p) = p**2 - 5*p - 1. Let t be (0/1)/(1 - -2). Suppose 5*g = -5*a - t*a, 2*a - 3*g - 20 = 0. Suppose w + 0*w - a = 0. What is o(w)?
-5
Suppose 3*f + 27 = 3*b, -89*b + 5*f = -92*b + 35. Let t(y) = y**2 - 13*y + 22. Calculate t(b).
-8
Let l(x) = x**2 - 15*x. Let h(i) = -i**2 + 15*i. Let n(g) = 4*h(g) + 5*l(g). Give n(13).
-26
Suppose 0 = 2*d - 4*d + 4. Let v(t) = 6*t + 7*t**2 - 8*t**d - 12 + 4. Give v(6).
-8
Let x(s) = 5 - 2 + 4*s + 0. Let h be 2 + -2*(-18)/(-4). Let z(l) = -l**2 - 9*l - 16. Let q be z(h). Calculate x(q).
-5
Let y(t) be the third derivative of t**5/60 + 5*t**4/12 - t**2 + 2*t. Determine y(-7).
-21
Let t(s) be the second derivative of -5*s**3/3 + 30*s**2 - 396*s. Give t(6).
0
Suppose -t = -k + 1, -5*t + 6 + 7 = 4*k. Let i be ((-6)/(-8))/((-1)/4) + k. Let h(s) = -11*s**2 - 2*s - 1. Give h(i).
-10
Let l(m) be the first derivative of 0*m - 1/2*m**2 - 4. Suppose -5*f + 4 = -4*n - 11, -3*n = 4*f - 12. Give l(n).
0
Let g(f) = -7*f**3 + 7*f**2 - 7. Let z = -9 - -10. Let r(x) = -x**3 + x**2 - 1. Let p(d) = z*g(d) - 6*r(d). Let m be 1 + ((-1)/(-1))/(-1). What is p(m)?
-1
Let y(i) be the first derivative of -i**3/3 - 5*i**2/2 + 3*i - 14. Let z = -22 - -15. What is y(z)?
-11
Let j(r) = 4*r - 1. Let g(q) be the second derivative of -4*q**3/3 + q**2 - 10*q. Let z(s) = -3*g(s) - 5*j(s). Give z(-2).
-9
Let f(p) = 2*p**3 + 5*p**2 + 3*p + 4. Let n = -586 + 583. Give f(n).
-14
Suppose 19*f - 17*f = 0. Suppose f = -4*q + 3*q + 4. Let h(n) = n**3 - 3*n**2 - 4*n + 6. Give h(q).
6
Let m(t) be the second derivative of -t**5/20 - t**3/6 + 5*t**2/2 + t + 10. Let g = 34 + -34. Give m(g).
5
Let d(x) = 3*x + 987 - 984 + 0*x. Let k = -2 - 2. Calculate d(k).
-9
Suppose 3*g = -g + 20. Let j be ((-6)/63*6)/(2/(-7)). Let c(p) = 7*p + 52 + 52 - p**j - 101. Determine c(g).
13
Let x be 7 - (-2)/4*-8. Let y(t) = 2 + t**x - 2*t**3 - t + 6*t + 6*t**2 - 4*t. What is y(6)?
8
Let o = -22 - -22. Suppose o*j = 2*n - j - 14, -n = -5*j + 2. Suppose -c = -2*c + n. Let l(g) = -g + 7. Calculate l(c).
-1
Suppose -3*o - 4 = -0*l - l, -2 = 2*l + 4*o. Let z(p) = -2*p**2 - p. Let t be z(l). Let v be ((-24)/9)/(-4)*t. Let u(f) = f**2 + f + 2. Give u(v).
4
Let v(t) = 4*t + 3. Suppose 5*y - 1 + 7 = -s, s = -y + 2. Let q be y/(-14) - (-15)/(-7). Calculate v(q).
-5
Suppose 4*w - 13 = -1. Let r be (-1)/(((-15)/(-6))/(-5)). Let d(l) = -7 - 10*l**3 + 11*l**w - l - 5*l**2 + r*l. What is d(5)?
-2
Let m(c) = 22*c**3 - c + 1. Let u(w) = -w**3 + w - 1. Let t(l) = -m(l) - 2*u(l). Calculate t(1).
-20
Let o(i) be the second derivative of 1/2*i**2 + 0 + 27*i - 2/3*i**3. Let g(v) = v**3 - 4*v**2 + 2*v + 2. Let u be g(2). What is o(u)?
9
Let f(q) = -2*q**2 - 1. Let h be (-9)/((-12)/20 - 0). Suppose -h*b - 3 = -12*b. What is f(b)?
-3
Let r(n) = n**2 + 18*n + 20. Let h be r(-17). Let f(m) = -12 - h - 5 + 4 - m**2. Determine f(0).
-16
Let p(v) = -8*v. Suppose b + 5*l = 19, 1 - 30 = -5*b - 3*l. Calculate p(b).
-32
Let w(a) be the third derivative of -2/3*a**3 - 7/24*a**4 - 1/60*a**5 - 16*a**2 + 0 + 0*a. Determine w(-5).
6
Let c(l) = -l**2 - 10*l - 12. Let j(p) = -2. Let d(f) = -c(f) + 3*j(f). Calculate d(-8).
-10
Let i(m) = -3*m**3 - 1. Let l(b) = b**3 - 4*b**2 - b + 5. Suppose 3*c + 5*h - 19 = 2*c, 3*c - 24 = -4*h. Let v be l(c). What is i(v)?
-4
Suppose 0*v - 7*v - 406 = 0. Let c = -50 - v. Let q(w) = -w**3 + 7*w**2 + 6*w + 8. Give q(c).
-8
Let r(b) be the second derivative of -b**3/6 + 5*b**2/2 + b. Let w(x) = -x**2 - 15*x - 11. Let y be w(-13). Suppose -y*t = -6*t - 45. Calculate r(t).
0
Let p = -10 - -14. Suppose -u - 4 = d, -p = 5*d + u + 20. Let g(z) = z**2 + 4*z - 3. Calculate g(d).
2
Let q(t) be the third derivative of t**4/8 + t**3/2 - 5*t**2. Let g(y) = 2*y + 1. Let n(m) = -5*g(m) + 3*q(m). Give n(9).
-5
Suppose 0 = 6*g - g + 5*y + 45, -3*y - 19 = g. Let t be g + -3 + 19 + -4. Let i(n) = -n**3 + 9*n**2 - 9*n + 10. Calculate i(t).
2
Let s = 72 - 72. Suppose 3*u + 0*y = -y + 4, 4*u - 5*y - 37 = 0. Let h(d) = -4*d - 1. Let m(x) = -5*x. Let z(l) = u*m(l) - 4*h(l). Give z(s).
4
Suppose 0 = -5*p + 24 + 71. Let l(i) = -33 + i + p + 18. Give l(-2).
2
Let r(z) = -2*z**2 + 3*z. Let h(w) = -w**3 + 4*w**2 - 8*w + 11. Let m be h(2). Suppose -3 + 1 = 2*a + 4*c, a - 5*c = -1. Let t = a + m. What is r(t)?
-2
Let v(s) = s**3 - s**2 - s - 1. Let f(x) = -2*x**2 + x. Let a(w) = 2*f(w) + v(w). Calculate a(4).
-13
Let b(o) = -o**2 - 18*o + 1. Let c be b(-18). Suppose 5*r - c = 3*q, -q + 5*r = -0*r + 7. Let d(y) = -y**3 + 3*y**2 - 3*y + 4. Give d(q).
-5
Let b = 19 + -18. Let t(q) = -q**3 + 9*q**2 + 9*q + 14. Let d be t(10). Let n(y) = -3*y + d*y + 2*y + 1. What is n(b)?
4
Let m(q) = -8*q**3 + 2*q**2 - 29*q + 3. Let r(b) = -3*b**3 + b**2 - 10*b + 1. Let x(l) = -4*m(l) + 11*r(l). Let s be x(4). Let z(p) = p**2 - 8*p + 8. Give z(s).
1
Let x(v) be the third derivative of v**4/24 + 3*v**3/2 - 11*v**2. Let a(r) = 2*r + 19. Let i(p) = 4*a(p) - 9*x(p). Give i(5).
-10
Suppose -5*h = -4*d + 16, 154 = -d + 4*h + 158. Let m(c) be the first derivative of -c + c**2 + 13 - 1/3*c**3 - 1/4*c**d. Give m(-2).
-1
Let l(j) = 14*j + 2 - j**2 + 2*j**3 + 5*j**2 + 1 - 10*j. Let f be (17 + 3)/(-4) - -3. What is l(f)?
-5
Let r(w) = -w**3 - 3*w**2 + 4*w + 6. Let t(l) = l**3 + 8*l**2 - 11*l - 12. Let b be t(-9). Suppose 5*o + 3 + 22 = -5*m, b = -2*m + 2*o. Give r(m).
6
Let u = 2512 - 2517. Let q(o) be the second derivative of o**3/2 - o**2 + 2*o. Let c(i) = 5*i - 3. Let w(d) = -5*c(d) + 8*q(d). Calculate w(u).
4
Let v(f) = 2*f**2 - 3*f - 3. Suppose 0 = 3*z - 2*y + 2 - 6, -16 = -2*z + 4*y. Give v(z).
11
Let o = 64 + -59. Suppose -o*h - 13 = 4*z, 2*z - 3*h = -0*z - 1. Let s(u) = 3*u + 2. Calculate s(z).
-4
Let h(w) = 3 - 319*w**2 + 322*w**2 - 1 - 2 - 2*w**3. What is h(2)?
-4
Let w(g) = g**3 + g**2 - g + 1. Let x(j) = -j**2 - 4*j + 2. Let u be x(-4). Let k be w(u). Let a(v) = k*v + 10 - 15 + 5. What is a(1)?
11
Let h(m) be the second derivative of m**3/6 + 15*m**2/2 + 9*m - 8. What is h(-8)?
7
Suppose 0 = 4*x + 4*u - 24, 5*x = 3*x + 4*u. Let c(y) = -y + 3. Determine c(x).
-1
Suppose -48 = -9*b + 3*b. Suppose b - 3 = p. Let c(s) = 3*s**2 - 4 + 6*s - 5*s**2 - 2 + s**2. Give c(p).
-1
Suppose 2*o = -5*y + 23, -5*y = -2*o - 4 - 3. Let d be 2*(-2)/4*-4. Let f(h) = 4*h**2 - d + 36*h**3 + 38*h**3 - 73*h**y. What is f(-4)?
-4
Let q(n) be the second derivative of -n**3/3 - 38*n. Give q(4).
-8
Let y be (-31)/3 + (-2)/3. Let j(a) = -8*a**3 - 2*a**2 - 8*a + 3. Let f(o) = 3*o**3 + o**2 + 3*o - 1. Let d(z) = y*f(z) - 4*j(z). What is d(-2)?
-3
Let j = -15 + 13. Let q(l) be the first derivative of -3*l**2/2 - 2*l + 26. Determine q(j).
4
Let f(z) be the first derivative of z**2 - z - 1. Let j = -24 - -28. Suppose t = -3*b - 1, -j*b + 4 = -0*b. Calculate f(t).
-9
Let k(l) = l + 7. Suppose f + 6 = m, 3*m = -10 + 1. Let v be k(f). Let g(j) = 3*j. Give g(v).
-6
Let q(k) = -k**2 - 11*k + 2. Let t be q(-11). Suppose 2*z = z + t. Let g(u) = -4*u**2 + 3*u - 3. Calculate g(z).
-13
Let o(p) = -9*p - 20*p**2 + 14*p**2 - p**3 + 0*p + 2*p + 9 - 16. Let t = -12 + 7. Calculate o(t).
3
Suppose 2*m - 3 - 3 = 0. Let r(z) = 0 + 3 - m + z - 4. Determine r(-4).
-8
Let l(z) = -2*z**2 + 3*z + 1. Let n = -160 - -158. Calculate l(n).
-13
Let h(k) = -467*k + 477*k - 31 + 27 - k**2. Give h(10).
-4
Let s(o) = o. Let k be s(4). Let x(f) = -f**2 + 4*f - 7. Let n(i) = i**2 - 5*i + 6. Let w(v) = -v - 6. Let u be w(-9). Let a(m) = u*n(m) + 2*x(m). What is a(k)?
-8
Let v(k) = k - k + 11 - 5*k - 9. Let i(d) = 6*d - 2. Let m(f) = 2*i(f) + 3*v(f). Let l(j) = j - 1. Let t be l(-1). Give m(t).
8
Let h(q) = -q + 3. Let i(l) = 1. Let n(c) = -6*h(c) + 15*i(c). Calculate n(-4).
-27
Let n(h) = -h**3 + h**2 - 2. Let j(l) = -3*l**3 - 12*l**2 - 15*l - 44. Let s(m) = -j(m) + 4*n(m). Dete